e 6, what is -2 - -23041410?
23041404
In base 4, what is -2 - 2023303221?
-2023303223
In base 7, what is 21 - -26355?
26406
In base 6, what is -205 - 30?
-235
In base 5, what is 341214 + -122?
341042
In base 8, what is 241 - -231?
472
In base 11, what is -5a90 + -26?
-6006
In base 8, what is -531 - 5516?
-6247
In base 2, what is -101 - 101101101001100?
-101101101010001
In base 14, what is -5 + -1a89d?
-1a8a4
In base 3, what is 21 - -1120211?
1121002
In base 9, what is -3827418 - -3?
-3827415
In base 3, what is 2200021200 + 201?
2200022101
In base 16, what is -2d3 + -aa?
-37d
In base 13, what is -31 + -17496?
-174c7
In base 4, what is 11 - 2023113?
-2023102
In base 6, what is -34 - -153525?
153451
In base 11, what is -15490 + 4?
-15487
In base 12, what is 8a2348 - 1?
8a2347
In base 9, what is -4 - -2417808?
2417804
In base 11, what is a97 + 181?
1168
In base 15, what is -d + 12ee3?
12ed5
In base 5, what is 3121402 - -3?
3121410
In base 5, what is -22343 - 233?
-23131
In base 11, what is -193 - -655?
472
In base 9, what is 11 + -15684?
-15673
In base 16, what is -12986 - 42?
-129c8
In base 6, what is 1123231 + 2?
1123233
In base 6, what is 32025 + 5145?
41214
In base 5, what is 3 + 1120310?
1120313
In base 4, what is -10 + -31213203?
-31213213
In base 11, what is -5a213 - 1?
-5a214
In base 5, what is 20331 - -42?
20423
In base 14, what is 702c - 1?
702b
In base 2, what is 110111010 - 11011110?
11011100
In base 12, what is 18 - -81a?
836
In base 15, what is -381 + -1?
-382
In base 10, what is 2252 + 16?
2268
In base 6, what is -351033 + 132?
-350501
In base 10, what is -434783 + 2?
-434781
In base 12, what is 125 - -b?
134
In base 13, what is -4120 - 3?
-4123
In base 13, what is 78 + -65b2?
-6537
In base 15, what is 6 - c98d?
-c987
In base 10, what is 5190348 - -4?
5190352
In base 12, what is -628107 - -4?
-628103
In base 13, what is b9518 + 1?
b9519
In base 4, what is -3 - -230230?
230221
In base 5, what is 223320 + 21?
223341
In base 12, what is 2 + a4a2?
a4a4
In base 16, what is 846f - 5?
846a
In base 9, what is -46007 - 21?
-46028
In base 9, what is -4474 + -14?
-4488
In base 7, what is 1041 + -1115?
-44
In base 3, what is 20112 + 1110112202?
1110210021
In base 16, what is 1 - -2bf63?
2bf64
In base 2, what is -110011111010101 + -11101?
-110011111110010
In base 3, what is 120110221111 - -10?
120110221121
In base 8, what is 10374332 + -4?
10374326
In base 11, what is 17808 - -13?
17820
In base 12, what is 779 - -1381?
1b3a
In base 14, what is 3806 + -9?
37db
In base 10, what is -4 + 283843?
283839
In base 16, what is -7ff17 - -2?
-7ff15
In base 13, what is 94a5 + b?
94b3
In base 5, what is -400410 + -243?
-401203
In base 10, what is -1 + 1172937?
1172936
In base 13, what is 2 - 5473?
-5471
In base 4, what is 12 - -10012?
10030
In base 14, what is 0 + -14a885?
-14a885
In base 2, what is 1100110000001 + -101?
1100101111100
In base 5, what is 101 - 14?
32
In base 7, what is 43 - 11310?
-11234
In base 12, what is -119 + -186?
-2a3
In base 4, what is -101132030 + 2?
-101132022
In base 8, what is 2034 - 46?
1766
In base 4, what is -10 - 10202013221?
-10202013231
In base 8, what is -42 + 1735?
1673
In base 8, what is -1427321 + 4?
-1427315
In base 8, what is -65070 - -16?
-65052
In base 10, what is -32153 - 5?
-32158
In base 15, what is 26 - -4be?
4e5
In base 14, what is 1 + 623?
624
In base 15, what is -1e - -6d?
4e
In base 7, what is -30446 - -56?
-30360
In base 8, what is 326 + -20700?
-20352
In base 10, what is 125 - 159?
-34
In base 15, what is a6 - 1d?
88
In base 8, what is -3416 - 2511?
-6127
In base 4, what is 3301100200 + -11?
3301100123
In base 13, what is -8 - -a929?
a921
In base 13, what is -2 + -355a?
-355c
In base 4, what is 1130312123 + -11?
1130312112
In base 2, what is -110001001011000 + -110?
-110001001011110
In base 11, what is -13 + 2585?
2572
In base 12, what is b20 - -206?
1126
In base 4, what is -22213120 - 1?
-22213121
In base 8, what is 4 - -301453?
301457
In base 6, what is -142132454 - 2?
-142132500
In base 4, what is -11 - 1112013103?
-1112013120
In base 13, what is 98b2 - 11?
98a1
In base 12, what is -31684 + -6?
-3168a
In base 9, what is -1163 + 138?
-1024
In base 8, what is -202 - -456?
254
In base 15, what is 2d - 2241?
-2213
In base 11, what is 26 + -49456?
-49430
In base 9, what is -1 - 3830?
-3831
In base 14, what is 2 + 412?
414
In base 13, what is -96153 - -2?
-96151
In base 8, what is -130755 + 0?
-130755
In base 3, what is 110110011110 - 1?
110110011102
In base 9, what is 820516 - 4?
820512
In base 13, what is -846 + -12?
-858
In base 14, what is 9b7 - 3?
9b4
In base 7, what is -13 + 164654?
164641
In base 15, what is -42c - -a?
-422
In base 6, what is 0 - 35121?
-35121
In base 11, what is -1 - -2a5?
2a4
In base 10, what is -3 - 6?
-9
In base 13, what is -a916 + -2?
-a918
In base 9, what is 1673572 - -4?
1673576
In base 10, what is -314 - -1466?
1152
In base 6, what is 15233 - 12520?
2313
In base 7, what is -344545 - 2?
-344550
In base 7, what is 153 - -3236?
3422
In base 10, what is -1743 - 1152?
-2895
In base 13, what is -1 + -1c099?
-1c09a
In base 14, what is -47 + -4c1?
-528
In base 12, what is 18602 - 2?
18600
In base 11, what is -1 - -384916?
384915
In base 4, what is -11 - 13333133?
-13333210
In base 3, what is -2211 + -12020?
-22001
In base 10, what is -20436 + 4?
-20432
In base 4, what is 12 + 102111122?
102111200
In base 14, what is -11 + 81?
70
In base 14, what is 57c1b + -1?
57c1a
In base 11, what is -3a - -1658?
1619
In base 15, what is 55 + 201?
256
In base 16, what is -1b + -3eb1?
-3ecc
In base 12, what is -5 - -3b0207?
3b0202
In base 6, what is 2033 - -1335?
3412
In base 6, what is 130342 - 10?
130332
In base 12, what is 29974 + -4?
29970
In base 10, what is -75 + 763?
688
In base 11, what is -97 + -3435?
-3521
In base 5, what is -1011132201 - 4?
-1011132210
In base 10, what is 290 - 41?
249
In base 5, what is 0 - -14031430?
14031430
In base 14, what is -8975b6 + -3?
-8975b9
In base 13, what is 18 + -b0ca?
-b0b2
In base 13, what is 1253 - 945?
60b
In base 4, what is 10132 + -11310?
-1112
In base 5, what is -1 + -214441?
-214442
In base 13, what is 7a - 1c83?
-1c06
In base 2, what is -10000011 - -1111010101?
1101010010
In base 3, what is 110111 + -20120?
12221
In base 8, what is 36367407 - -4?
36367413
In base 5, what is -21 - 114001242?
-114001313
In base 4, what is 1 + -21222022?
-21222021
In base 12, what is 1731 - 1?
1730
In base 6, what is -12210253 + -1?
-12210254
In base 3, what is 111020 + 1201211?
2020001
In base 7, what is 4 - 10030?
-10023
In base 10, what is -239 - 0?
-239
In base 15, what is -5a6 - cd?
-684
In base 9, what is 14481 + 32?
14523
In base 7, what is -3131 - 165?
-3326
In base 13, what is 5 + -1c11?
-1c09
In base 10, what is -17 + 6062?
6045
In base 15, what is -b3 + 25?
-8d
In base 5, what is -300 - 43?
-343
In base 3, what is -2201121 - -21?
-2201100
In base 5, what is 0 + -1010324?
-1010324
In base 15, what is 53 + 94?
e7
In base 10, what is 1432 - 4?
1428
In base 5, what is -10114310 - 0?
-10114310
In base 2, what is 1000111011011 + -100001111?
1000011001100
In base 4, what is 101010 - 3320?
31030
In base 15, what is -223 + -110?
-333
In base 5, what is -3441430 + -10?
-3441440
In base 10, what is -18 - 14904?
-14922
In base 6, what is 5 - 21015043?
-21015034
In base 6, what is -11130 + 3?
-11123
In base 11, what is -15306 + -7?
-15312
In base 11, what is -1a3a26 + 1?
-1a3a25
In base 10, what is 13 - -6745?
6758
In base 8, what is 500 + -50?
430
In base 15, what is 2 + -179?
-177
In base 14, what is -30 - dc?
-12c
In base 7, what is 530 + -43431?
-42601
In base 13, what is 241b - -6?
2424
In base 10, what is 41540 + 5?
41545
In base 3, what is 20211 - 2200210?
-2102222
In base 8, what is -76702 + 3?
-76677
In base 10, what is -1455 - -36?
-1419
In base 6, what is -5425 + -220?
-10045
In base 2, what is 111000100 + -100000100?
11000000
In base 10, what is -2441 - 3?
-2444
In base 10, what is -6 - 3520?
-3526
In base 3, what is -22000 + -1211000?
-2010000
In base 14, what is -1c47 + -76?
-1cbd
In base 14, what is 0 - -2bd1?
2bd1
In base 13, what is 0 + 776?
776
In base 11, what is -10a0 + -103?
-11a3
In base 7, what is 102 + -160034?
-156632
In base 10, what is -3120